{"id":3082,"date":"2023-08-15T16:53:09","date_gmt":"2023-08-15T14:53:09","guid":{"rendered":"https:\/\/www.magicien-anniversaire-enfant.com\/blog\/?page_id=3082"},"modified":"2026-04-22T14:41:53","modified_gmt":"2026-04-22T12:41:53","slug":"presentation-video","status":"publish","type":"page","link":"https:\/\/www.magicien-anniversaire-enfant.com\/blog\/presentation-video","title":{"rendered":"Pr\u00e9sentation Vid\u00e9o"},"content":{"rendered":"<h1 style=\"text-align: center;\"><span style=\"color: #cc0000;\"><strong><span style=\"color: #ff0000;\">Video de Pr\u00e9sentation<\/span><br \/>\n<\/strong><\/span>du <span style=\"color: #ff0000;\">P<\/span>ack <span style=\"color: #ff0000;\">A<\/span>nimation <span style=\"color: #ff0000;\">A<\/span>nniversaire <span style=\"color: #ff0000;\">E<\/span>nfant<\/h1>\n<p><!--\n\n\n<h5 style=\"text-align: center;\">\" Ma fille se rappellera de ses 10 ans gr\u00e2ce \u00e0 vous ... M\u00eame le port du masque n'a pas g\u00e2ch\u00e9 sa joie ! \"\n<span style=\"color: #ff0000;\">\u00c9milie, N\u00eemes<\/span><\/h5>\n\n\n&nbsp;\n--><\/p>\n<p><!-- DEBUT AFFICHAGE VIDEO YT\n\n\n<table style=\"border-style: none; text-align: left; width: 100%;\" border=\"1\" cellspacing=\"2\" cellpadding=\"2\">\n\n\n<tbody>\n\n\n<tr style=\"border-style: none;\">\n\n\n<td style=\"border-style: none; vertical-align: top; width: 15%;\">&nbsp;<\/td>\n\n\n\n\n<td style=\"border-style: none; margin: auto; vertical-align: middle; width: 52%; text-align: center;\" colspan=\"1\" rowspan=\"1\">[embedyt] https:\/\/www.youtube.com\/watch?v=1_pAmgd3dQQ[\/embedyt]<\/td>\n\n\n\n\n<td style=\"border-style: none; vertical-align: top; width: 15%;\">&nbsp;<\/td>\n\n\n<\/tr>\n\n\n<\/tbody>\n\n\n<\/table>\n\n\nFIN AFFICHAGE VIDEO --><\/p>\n<p><!-- VIDEO VIMEO DIAPO ANNIV --><\/p>\n<div style=\"width:70%; margin:auto;\">\n<div style=\"padding: 56.25% 0 0 0; position: relative;\">\n    <iframe \n      style=\"position: absolute; top: 0; left: 0; width: 100%; height: 100%;\" \n      title=\"Chrystian Yann - Magicien Anniversaires Enfants - Diaporama\" \n      src=\"https:\/\/player.vimeo.com\/video\/746876702?h=d3b8f2cd99&#038;badge=0&#038;autopause=0&#038;player_id=0&#038;app_id=58479\" \n      frameborder=\"0\" \n      allowfullscreen><br \/>\n    <\/iframe>\n  <\/div>\n<\/div>\n<p><script src=\"https:\/\/player.vimeo.com\/api\/player.js\"><\/script><!-- FIN VIDEO VIMEO DIAPO ANNIV --><\/p>\n<p style=\"text-align: center;\"><a class=\"maxbutton-1 maxbutton maxbutton-tarifs-paae\" title=\"Obtenez Gratuitement Un Devis Personnalis\u00e9\" href=\"https:\/\/www.LaMagieDeChrystian.fr\/en-savoir-plus.html\"><span class='mb-text'>&gt;&gt; Conna\u00eetre Le Tarif<\/span><\/a>\n","protected":false},"excerpt":{"rendered":"<p>Video de Pr\u00e9sentation du Pack Animation Anniversaire Enfant<\/p>\n","protected":false},"author":2,"featured_media":0,"parent":0,"menu_order":0,"comment_status":"closed","ping_status":"closed","template":"","meta":{"footnotes":""},"class_list":["post-3082","page","type-page","status-publish","hentry"],"blocksy_meta":[],"_links":{"self":[{"href":"https:\/\/www.magicien-anniversaire-enfant.com\/blog\/wp-json\/wp\/v2\/pages\/3082","targetHints":{"allow":["GET"]}}],"collection":[{"href":"https:\/\/www.magicien-anniversaire-enfant.com\/blog\/wp-json\/wp\/v2\/pages"}],"about":[{"href":"https:\/\/www.magicien-anniversaire-enfant.com\/blog\/wp-json\/wp\/v2\/types\/page"}],"author":[{"embeddable":true,"href":"https:\/\/www.magicien-anniversaire-enfant.com\/blog\/wp-json\/wp\/v2\/users\/2"}],"replies":[{"embeddable":true,"href":"https:\/\/www.magicien-anniversaire-enfant.com\/blog\/wp-json\/wp\/v2\/comments?post=3082"}],"version-history":[{"count":5,"href":"https:\/\/www.magicien-anniversaire-enfant.com\/blog\/wp-json\/wp\/v2\/pages\/3082\/revisions"}],"predecessor-version":[{"id":3186,"href":"https:\/\/www.magicien-anniversaire-enfant.com\/blog\/wp-json\/wp\/v2\/pages\/3082\/revisions\/3186"}],"wp:attachment":[{"href":"https:\/\/www.magicien-anniversaire-enfant.com\/blog\/wp-json\/wp\/v2\/media?parent=3082"}],"curies":[{"name":"wp","href":"https:\/\/api.w.org\/{rel}","templated":true}]}}

Présentation Vidéo

<h1 style="text-align: center;"><span style="color: #cc0000;"><strong><span style="color: #ff0000;">Video de Présentation</span><br />
</strong></span>du <span style="color: #ff0000;">P</span>ack <span style="color: #ff0000;">A</span>nimation <span style="color: #ff0000;">A</span>nniversaire <span style="color: #ff0000;">E</span>nfant</h1>
<p><!--


<h5 style="text-align: center;">" Ma fille se rappellera de ses 10 ans grâce à vous ... Même le port du masque n'a pas gâché sa joie ! "
<span style="color: #ff0000;">Émilie, Nîmes</span></h5>


&nbsp;
--></p>
<p><!-- DEBUT AFFICHAGE VIDEO YT


<table style="border-style: none; text-align: left; width: 100%;" border="1" cellspacing="2" cellpadding="2">


<tbody>


<tr style="border-style: none;">


<td style="border-style: none; vertical-align: top; width: 15%;">&nbsp;</td>




<td style="border-style: none; margin: auto; vertical-align: middle; width: 52%; text-align: center;" colspan="1" rowspan="1">[embedyt] https://www.youtube.com/watch?v=1_pAmgd3dQQ[/embedyt]</td>




<td style="border-style: none; vertical-align: top; width: 15%;">&nbsp;</td>


</tr>


</tbody>


</table>


FIN AFFICHAGE VIDEO --></p>
<p><!-- VIDEO VIMEO DIAPO ANNIV --></p>
<div style="width:70%; margin:auto;">
<div style="padding: 56.25% 0 0 0; position: relative;">
    <iframe 
      style="position: absolute; top: 0; left: 0; width: 100%; height: 100%;" 
      title="Chrystian Yann - Magicien Anniversaires Enfants - Diaporama" 
      src="https://player.vimeo.com/video/746876702?h=d3b8f2cd99&#038;badge=0&#038;autopause=0&#038;player_id=0&#038;app_id=58479" 
      frameborder="0" 
      allowfullscreen><br />
    </iframe>
  </div>
</div>
<p><script src="https://player.vimeo.com/api/player.js"></script><!-- FIN VIDEO VIMEO DIAPO ANNIV --></p>
<p style="text-align: center;"><a class="maxbutton-1 maxbutton maxbutton-tarifs-paae" title="Obtenez Gratuitement Un Devis Personnalisé" href="https://www.LaMagieDeChrystian.fr/en-savoir-plus.html"><span class='mb-text'>&gt;&gt; Connaître Le Tarif</span></a>

<p>Video de Présentation du Pack Animation Anniversaire Enfant</p>
